{"id":802,"date":"2015-12-18T10:37:08","date_gmt":"2015-12-18T10:37:08","guid":{"rendered":"http:\/\/kreate.elated-themes.com\/?page_id=802"},"modified":"2023-11-09T17:57:58","modified_gmt":"2023-11-09T17:57:58","slug":"nuestros-servicios","status":"publish","type":"page","link":"https:\/\/infotaxperu.pro\/?page_id=802","title":{"rendered":"Nuestros Servicios"},"content":{"rendered":"<p>[vc_row content_aligment=\u00bbcenter\u00bb css_animation=\u00bbeltd-element-from-bottom\u00bb css=\u00bb.vc_custom_1598675055182{padding-top: 0px !important;padding-bottom: 80px !important;padding-left: 25px !important;background-color: #30557f !important;}\u00bb][vc_column width=\u00bb1\/12&#8243;][\/vc_column][vc_column width=\u00bb11\/12&#8243;]<div class=\"eltd-icon-list-item\">\r\n\t<div class=\"eltd-icon-list-icon-holder\">\r\n        <div class=\"eltd-icon-list-icon-holder-inner clearfix\">\r\n\t\t\t<i class=\"eltd-icon-font-awesome fa fa-check-circle \" style=\"color:#ffffff;font-size:26px\" ><\/i>\t\t<\/div>\r\n\t<\/div>\r\n\t<p class=\"eltd-icon-list-text\"  > Auditor\u00eda Tributaria Preventiva<\/p>\r\n<\/div><div class=\"eltd-icon-list-item\">\r\n\t<div class=\"eltd-icon-list-icon-holder\">\r\n        <div class=\"eltd-icon-list-icon-holder-inner clearfix\">\r\n\t\t\t<i class=\"eltd-icon-font-awesome fa fa-check-circle \" style=\"color:#ffffff;font-size:26px\" ><\/i>\t\t<\/div>\r\n\t<\/div>\r\n\t<p class=\"eltd-icon-list-text\"  > Outsourcing Contable<\/p>\r\n<\/div><div class=\"eltd-icon-list-item\">\r\n\t<div class=\"eltd-icon-list-icon-holder\">\r\n        <div class=\"eltd-icon-list-icon-holder-inner clearfix\">\r\n\t\t\t<i class=\"eltd-icon-font-awesome fa fa-check-circle \" style=\"color:#ffffff;font-size:26px\" ><\/i>\t\t<\/div>\r\n\t<\/div>\r\n\t<p class=\"eltd-icon-list-text\"  > Planeamiento Estrat\u00e9gico Tributario<\/p>\r\n<\/div><div class=\"eltd-icon-list-item\">\r\n\t<div class=\"eltd-icon-list-icon-holder\">\r\n        <div class=\"eltd-icon-list-icon-holder-inner clearfix\">\r\n\t\t\t<i class=\"eltd-icon-font-awesome fa fa-check-circle \" style=\"color:#ffffff;font-size:26px\" ><\/i>\t\t<\/div>\r\n\t<\/div>\r\n\t<p class=\"eltd-icon-list-text\"  > Acompa\u00f1amiento en fiscalizaciones y solicitudes de devoluci\u00f3n de tributos ante la SUNAT<\/p>\r\n<\/div><div class=\"eltd-icon-list-item\">\r\n\t<div class=\"eltd-icon-list-icon-holder\">\r\n        <div class=\"eltd-icon-list-icon-holder-inner clearfix\">\r\n\t\t\t<i class=\"eltd-icon-font-awesome fa fa-check-circle \" style=\"color:#ffffff;font-size:26px\" ><\/i>\t\t<\/div>\r\n\t<\/div>\r\n\t<p class=\"eltd-icon-list-text\"  > Asesor\u00eda Legal Tributaria y elaboraci\u00f3n de recursos tributarios y administrativos<\/p>\r\n<\/div><div class=\"eltd-icon-list-item\">\r\n\t<div class=\"eltd-icon-list-icon-holder\">\r\n        <div class=\"eltd-icon-list-icon-holder-inner clearfix\">\r\n\t\t\t<i class=\"eltd-icon-font-awesome fa fa-check-circle \" style=\"color:#ffffff;font-size:26px\" ><\/i>\t\t<\/div>\r\n\t<\/div>\r\n\t<p class=\"eltd-icon-list-text\"  > Preparaci\u00f3n de Estudios de Precios de Transferencia<\/p>\r\n<\/div><div class=\"eltd-icon-list-item\">\r\n\t<div class=\"eltd-icon-list-icon-holder\">\r\n        <div class=\"eltd-icon-list-icon-holder-inner clearfix\">\r\n\t\t\t<i class=\"eltd-icon-font-awesome fa fa-check-circle \" style=\"color:#ffffff;font-size:26px\" ><\/i>\t\t<\/div>\r\n\t<\/div>\r\n\t<p class=\"eltd-icon-list-text\"  > Asesor\u00eda Laboral<\/p>\r\n<\/div><div class=\"eltd-icon-list-item\">\r\n\t<div class=\"eltd-icon-list-icon-holder\">\r\n        <div class=\"eltd-icon-list-icon-holder-inner clearfix\">\r\n\t\t\t<i class=\"eltd-icon-font-awesome fa fa-check-circle \" style=\"color:#ffffff;font-size:26px\" ><\/i>\t\t<\/div>\r\n\t<\/div>\r\n\t<p class=\"eltd-icon-list-text\"  > Asesor\u00eda Financiera<\/p>\r\n<\/div>[\/vc_column][\/vc_row][vc_row css=\u00bb.vc_custom_1598653012578{padding-left: 0px !important;background-color: #eeeeee !important;}\u00bb][vc_column][vc_empty_space height=\u00bb45px\u00bb][vc_column_text]<\/p>\n<div><span style=\"font-size: 2.3em; color: #30557f; font-weight: 600; padding-left: 40px;\">Socios Principales<\/span><\/div>\n<p>[\/vc_column_text][vc_empty_space height=\u00bb25px\u00bb]<div class=\"eltd-separator-holder clearfix  eltd-separator-center eltd-separator-full-width\" >\r\n\t<div class=\"eltd-separator\" style=\"border-color: #30557f;border-style: solid\"><\/div>\r\n<\/div>\r\n[\/vc_column][\/vc_row][vc_row css_animation=\u00bbeltd-element-from-bottom\u00bb css=\u00bb.vc_custom_1607103337730{margin-top: 0px !important;padding-top: 40px !important;padding-bottom: 90px !important;background-color: #eeeeee !important;}\u00bb][vc_column offset=\u00bbvc_col-lg-4 vc_col-md-12&#8243;][vc_empty_space height=\u00bb60px\u00bb][vc_single_image image=\u00bb2948&#8243; img_size=\u00bb150&#215;215&#8243; alignment=\u00bbcenter\u00bb][vc_empty_space height=\u00bb30px\u00bb][\/vc_column][vc_column offset=\u00bbvc_col-lg-8 vc_col-md-12&#8243;]<div class=\"eltd-elements-holder eltd-responsive-mode-768\" ><div class=\"eltd-elements-holder-item \"  >\r\n\t<div class=\"eltd-elements-holder-item-inner\">\r\n\t\t<div class=\"eltd-elements-holder-item-content eltd-elements-holder-custom-339425\" style=\"padding: 6% 6% 0 10%\">\r\n\t\t\t\t\t\t<style type=\"text\/css\" data-type=\"eltd-elements-custom-padding\" scoped>\r\n\t\t\t\t\t\t\t\t\t@media only screen and (min-width: 1024px) and (max-width: 1280px) {\r\n\t\t\t\t\t\t.eltd-elements-holder .eltd-elements-holder-item-content.eltd-elements-holder-custom-339425 {\r\n\t\t\t\t\t\t\tpadding: 0% 2% 0 10% !important;\r\n\t\t\t\t\t\t}\r\n\t\t\t\t\t}\r\n\t\t\t\t\t\t\t\t\t\t\t\t@media only screen and (min-width: 768px) and (max-width: 1024px) {\r\n\t\t\t\t\t.eltd-elements-holder .eltd-elements-holder-item-content.eltd-elements-holder-custom-339425 {\r\n\t\t\t\t\t\tpadding: 0% !important;\r\n\t\t\t\t\t}\r\n\t\t\t\t}\r\n\t\t\t\t\t\t\t\t\t\t\t\t@media only screen and (min-width: 600px) and (max-width: 768px) {\r\n\t\t\t\t\t.eltd-elements-holder .eltd-elements-holder-item-content.eltd-elements-holder-custom-339425 {\r\n\t\t\t\t\t\tpadding: 0% !important;\r\n\t\t\t\t\t}\r\n\t\t\t\t}\r\n\t\t\t\t\t\t\t\t\t\t\t\t@media only screen and (min-width: 480px) and (max-width: 600px) {\r\n\t\t\t\t\t.eltd-elements-holder .eltd-elements-holder-item-content.eltd-elements-holder-custom-339425 {\r\n\t\t\t\t\t\tpadding: 0% !important;\r\n\t\t\t\t\t}\r\n\t\t\t\t}\r\n\t\t\t\t\t\t\t\t\t\t\t\t@media only screen and (max-width: 480px) {\r\n\t\t\t\t\t.eltd-elements-holder .eltd-elements-holder-item-content.eltd-elements-holder-custom-339425 {\r\n\t\t\t\t\t\tpadding: 0% !important;\r\n\t\t\t\t\t}\r\n\t\t\t\t}\r\n\t\t\t\t\t\t\t\t<\/style>\r\n\t\t\t\t\t\t[vc_column_text]<span style=\"color: #000000; padding-bottom: 25px; font-size: 1.4em;\"><strong>Abogada Lourdes Calder\u00f3n Aguilar<\/strong><\/span>[\/vc_column_text][vc_empty_space][vc_column_text]<\/p>\n<ul>\n<li style=\"text-align: left;\">Abogada egresada de la Pontificia Universidad Cat\u00f3lica del Per\u00fa.<\/li>\n<li style=\"text-align: left;\">Asesora Jur\u00eddica de la SUNAT y el Tribunal Fiscal.<\/li>\n<li style=\"text-align: left;\">Asesora Tributaria Principal del Estudio Caballero Bustamante.<\/li>\n<li style=\"text-align: left;\">Jefa del Departamento Legal Tributario de Ernst &amp; Young y RSM International.<\/li>\n<li style=\"text-align: left;\">XII Curso de Especializaci\u00f3n en Tributaci\u00f3n, de la Universidad de Salamanca- Espa\u00f1a.<\/li>\n<li style=\"text-align: left;\">Egresada de la Maestr\u00eda en Contabilidad con Menci\u00f3n en Tributaci\u00f3n de la Universidad Nacional Mayor de San Marcos y ; de Gesti\u00f3n P\u00fablica por la Universidad Particular San Mart\u00edn de Porres.<\/li>\n<li style=\"text-align: left;\">Docente de Universidades Nacionales y Particulares. Conferencista de la Especialidad.<\/li>\n<li style=\"text-align: left;\">Autora de libros y art\u00edculos de la especialidad.<\/li>\n<li style=\"text-align: left;\">Actual Gerente General de Estudio Calder\u00f3n y Asociados S.R.L y Directora de Consultor\u00eda Tributaria de Infotax Per\u00fa.<\/li>\n<\/ul>\n<p>[\/vc_column_text]\t\t<\/div>\r\n\t<\/div>\r\n<\/div><\/div>[\/vc_column][\/vc_row][vc_row css=\u00bb.vc_custom_1607103433578{background-color: #eeeeee !important;}\u00bb][vc_column]<div class=\"eltd-separator-holder clearfix  eltd-separator-center eltd-separator-full-width\" >\r\n\t<div class=\"eltd-separator\" style=\"border-color: #c9c9c9;border-style: solid\"><\/div>\r\n<\/div>\r\n[vc_empty_space height=\u00bb45px\u00bb][\/vc_column][\/vc_row][vc_row css_animation=\u00bbeltd-element-from-bottom\u00bb css=\u00bb.vc_custom_1607103441228{padding-bottom: 90px !important;background-color: #eeeeee !important;}\u00bb][vc_column offset=\u00bbvc_col-lg-4 vc_col-md-12&#8243;][vc_empty_space height=\u00bb60px\u00bb][vc_single_image image=\u00bb2976&#8243; img_size=\u00bb150&#215;215&#8243; alignment=\u00bbcenter\u00bb][vc_empty_space height=\u00bb30px\u00bb][\/vc_column][vc_column offset=\u00bbvc_col-lg-8 vc_col-md-12&#8243;]<div class=\"eltd-elements-holder eltd-responsive-mode-768\" ><div class=\"eltd-elements-holder-item \"  >\r\n\t<div class=\"eltd-elements-holder-item-inner\">\r\n\t\t<div class=\"eltd-elements-holder-item-content eltd-elements-holder-custom-230073\" style=\"padding: 6% 6% 0 10%\">\r\n\t\t\t\t\t\t<style type=\"text\/css\" data-type=\"eltd-elements-custom-padding\" scoped>\r\n\t\t\t\t\t\t\t\t\t@media only screen and (min-width: 1024px) and (max-width: 1280px) {\r\n\t\t\t\t\t\t.eltd-elements-holder .eltd-elements-holder-item-content.eltd-elements-holder-custom-230073 {\r\n\t\t\t\t\t\t\tpadding: 0% 2% 0 10% !important;\r\n\t\t\t\t\t\t}\r\n\t\t\t\t\t}\r\n\t\t\t\t\t\t\t\t\t\t\t\t@media only screen and (min-width: 768px) and (max-width: 1024px) {\r\n\t\t\t\t\t.eltd-elements-holder .eltd-elements-holder-item-content.eltd-elements-holder-custom-230073 {\r\n\t\t\t\t\t\tpadding: 0% !important;\r\n\t\t\t\t\t}\r\n\t\t\t\t}\r\n\t\t\t\t\t\t\t\t\t\t\t\t@media only screen and (min-width: 600px) and (max-width: 768px) {\r\n\t\t\t\t\t.eltd-elements-holder .eltd-elements-holder-item-content.eltd-elements-holder-custom-230073 {\r\n\t\t\t\t\t\tpadding: 0% !important;\r\n\t\t\t\t\t}\r\n\t\t\t\t}\r\n\t\t\t\t\t\t\t\t\t\t\t\t@media only screen and (min-width: 480px) and (max-width: 600px) {\r\n\t\t\t\t\t.eltd-elements-holder .eltd-elements-holder-item-content.eltd-elements-holder-custom-230073 {\r\n\t\t\t\t\t\tpadding: 0% !important;\r\n\t\t\t\t\t}\r\n\t\t\t\t}\r\n\t\t\t\t\t\t\t\t\t\t\t\t@media only screen and (max-width: 480px) {\r\n\t\t\t\t\t.eltd-elements-holder .eltd-elements-holder-item-content.eltd-elements-holder-custom-230073 {\r\n\t\t\t\t\t\tpadding: 0% !important;\r\n\t\t\t\t\t}\r\n\t\t\t\t}\r\n\t\t\t\t\t\t\t\t<\/style>\r\n\t\t\t\t\t\t[vc_column_text]<span style=\"color: #000000; padding-bottom: 25px; font-size: 1.4em;\"><strong>C.P.C Geraldine S\u00e1nchez Rodr\u00edguez<\/strong><\/span>[\/vc_column_text][vc_empty_space][vc_column_text]<\/p>\n<ul>\n<li style=\"text-align: left;\">Egresada de la Facultad de Ciencias Contables de la Universidad Nacional Mayor de San Marcos.<\/li>\n<li style=\"text-align: left;\">Primer Lugar del IV Post-T\u00edtulo en Derecho Tributario por la Pontificia Universidad Cat\u00f3lica del Per\u00fa.<\/li>\n<li style=\"text-align: left;\">Diplomada en Normas Internacionales de Contabilidad y Normas Internacionales Financieras por la Pontificia Universidad Cat\u00f3lica del Per\u00fa.<\/li>\n<li style=\"text-align: left;\">Socia y Gerente de la Divisi\u00f3n Contable y Tributaria del Estudio Calder\u00f3n y Asociados S.R.L.<\/li>\n<li style=\"text-align: left;\">Directora de la Secci\u00f3n de Auditor\u00eda Tributaria Preventiva y Contabilidad Internacional<\/li>\n<li style=\"text-align: left;\">Experta en la elaboraci\u00f3n de Estudio T\u00e9cnicos de Precios de Transferencia.<\/li>\n<li style=\"text-align: left;\">Conferencista de la especialidad.<\/li>\n<\/ul>\n<p>[\/vc_column_text]\t\t<\/div>\r\n\t<\/div>\r\n<\/div><\/div>[\/vc_column][\/vc_row][vc_row][\/vc_row]<\/p>\n","protected":false},"excerpt":{"rendered":"<p>[vc_row content_aligment=\u00bbcenter\u00bb css_animation=\u00bbeltd-element-from-bottom\u00bb css=\u00bb.vc_custom_1598675055182{padding-top: 0px !important;padding-bottom: 80px !important;padding-left: 25px !important;background-color: #30557f !important;}\u00bb][vc_column width=\u00bb1\/12&#8243;][\/vc_column][vc_column width=\u00bb11\/12&#8243;][\/vc_column][\/vc_row][vc_row css=\u00bb.vc_custom_1598653012578{padding-left: 0px !important;background-color: #eeeeee !important;}\u00bb][vc_column][vc_empty_space height=\u00bb45px\u00bb][vc_column_text] Socios Principales [\/vc_column_text][vc_empty_space height=\u00bb25px\u00bb][\/vc_column][\/vc_row][vc_row css_animation=\u00bbeltd-element-from-bottom\u00bb css=\u00bb.vc_custom_1607103337730{margin-top: 0px !important;padding-top: 40px !important;padding-bottom: 90px !important;background-color: #eeeeee !important;}\u00bb][vc_column offset=\u00bbvc_col-lg-4 vc_col-md-12&#8243;][vc_empty_space height=\u00bb60px\u00bb][vc_single_image image=\u00bb2948&#8243; img_size=\u00bb150&#215;215&#8243; alignment=\u00bbcenter\u00bb][vc_empty_space height=\u00bb30px\u00bb][\/vc_column][vc_column offset=\u00bbvc_col-lg-8 vc_col-md-12&#8243;][\/vc_column][\/vc_row][vc_row css=\u00bb.vc_custom_1607103433578{background-color: #eeeeee&#8230;<\/p>\n","protected":false},"author":1,"featured_media":0,"parent":0,"menu_order":0,"comment_status":"closed","ping_status":"closed","template":"","meta":{"footnotes":""},"class_list":["post-802","page","type-page","status-publish","hentry"],"_links":{"self":[{"href":"https:\/\/infotaxperu.pro\/index.php?rest_route=\/wp\/v2\/pages\/802","targetHints":{"allow":["GET"]}}],"collection":[{"href":"https:\/\/infotaxperu.pro\/index.php?rest_route=\/wp\/v2\/pages"}],"about":[{"href":"https:\/\/infotaxperu.pro\/index.php?rest_route=\/wp\/v2\/types\/page"}],"author":[{"embeddable":true,"href":"https:\/\/infotaxperu.pro\/index.php?rest_route=\/wp\/v2\/users\/1"}],"replies":[{"embeddable":true,"href":"https:\/\/infotaxperu.pro\/index.php?rest_route=%2Fwp%2Fv2%2Fcomments&post=802"}],"version-history":[{"count":79,"href":"https:\/\/infotaxperu.pro\/index.php?rest_route=\/wp\/v2\/pages\/802\/revisions"}],"predecessor-version":[{"id":3144,"href":"https:\/\/infotaxperu.pro\/index.php?rest_route=\/wp\/v2\/pages\/802\/revisions\/3144"}],"wp:attachment":[{"href":"https:\/\/infotaxperu.pro\/index.php?rest_route=%2Fwp%2Fv2%2Fmedia&parent=802"}],"curies":[{"name":"wp","href":"https:\/\/api.w.org\/{rel}","templated":true}]}}