{"id":2762,"date":"2020-08-23T23:38:47","date_gmt":"2020-08-23T23:38:47","guid":{"rendered":"http:\/\/perudigitalweb.com\/demos\/estudiocalderon\/?page_id=2762"},"modified":"2022-11-01T21:47:03","modified_gmt":"2022-11-01T21:47:03","slug":"video","status":"publish","type":"page","link":"https:\/\/infotaxperu.pro\/?page_id=2762","title":{"rendered":"Videos"},"content":{"rendered":"<p>[vc_row content_aligment=\u00bbcenter\u00bb css_animation=\u00bbeltd-element-from-bottom\u00bb css=\u00bb.vc_custom_1598226141550{padding-top: 20px !important;padding-bottom: 80px !important;padding-left: 25px !important;background-color: #ffffff !important;}\u00bb][vc_column offset=\u00bbvc_col-lg-offset-0&#8243;][vc_empty_space][vc_column_text]<\/p>\n<h2 style=\"text-align: center;\">Consulta de Videos<\/h2>\n<p>[\/vc_column_text][vc_empty_space]<a href=\"https:\/\/www.facebook.com\/pg\/infotaxperu.pro\/videos\/?ref=page_internal\" target=\"_blank\" style=\"color: #ffffff;background-color: #1877f2;border-color: #1877f2\" class=\"eltd-btn eltd-btn-medium eltd-btn-solid eltd-btn-custom-hover-bg eltd-btn-custom-border-hover eltd-btn-custom-hover-color eltd-btn-icon eltd-btn-rotate eltd-btn-arrow-center\" data-hover-bg-color=\"#b3a369\" data-hover-color=\"#3b3d44\" data-hover-border-color=\"#b3a369\" >\r\n    <span class=\"eltd-btn-text\">Videos en Facebook<\/span>\r\n    <i class=\"eltd-icon-font-awesome fa fa-facebook \" ><\/i><\/a>[\/vc_column][\/vc_row][vc_row css=\u00bb.vc_custom_1599862794245{padding-right: 30px !important;padding-left: 30px !important;}\u00bb][\/vc_row][vc_row css=\u00bb.vc_custom_1599863018004{padding-right: 30px !important;padding-left: 30px !important;background-color: #ffffff !important;}\u00bb][vc_column width=\u00bb1\/3&#8243;][vc_empty_space][vc_column_text]<\/p>\n<h3>Devoluci\u00f3n aportes<br \/>\nONP<\/h3>\n<p>[\/vc_column_text][vc_empty_space height=\u00bb15px\u00bb][vc_raw_html]JTNDaWZyYW1lJTIwc3JjJTNEJTIyaHR0cHMlM0ElMkYlMkZ3d3cuZmFjZWJvb2suY29tJTJGcGx1Z2lucyUyRnZpZGVvLnBocCUzRmhlaWdodCUzRDMxNCUyNmhyZWYlM0RodHRwcyUyNTNBJTI1MkYlMjUyRnd3dy5mYWNlYm9vay5jb20lMjUyRmluZm90YXhwZXJ1LnBybyUyNTJGdmlkZW9zJTI1MkY5MzcyNTI0MzAwODkwMzclMjUyRiUyNnNob3dfdGV4dCUzRGZhbHNlJTI2d2lkdGglM0Q1NjAlMjIlMjB3aWR0aCUzRCUyMjU2MCUyMiUyMGhlaWdodCUzRCUyMjMxNCUyMiUyMHN0eWxlJTNEJTIyYm9yZGVyJTNBbm9uZSUzQm92ZXJmbG93JTNBaGlkZGVuJTIyJTIwc2Nyb2xsaW5nJTNEJTIybm8lMjIlMjBmcmFtZWJvcmRlciUzRCUyMjAlMjIlMjBhbGxvd2Z1bGxzY3JlZW4lM0QlMjJ0cnVlJTIyJTIwYWxsb3clM0QlMjJhdXRvcGxheSUzQiUyMGNsaXBib2FyZC13cml0ZSUzQiUyMGVuY3J5cHRlZC1tZWRpYSUzQiUyMHBpY3R1cmUtaW4tcGljdHVyZSUzQiUyMHdlYi1zaGFyZSUyMiUyMGFsbG93RnVsbFNjcmVlbiUzRCUyMnRydWUlMjIlM0UlM0MlMkZpZnJhbWUlM0U=[\/vc_raw_html][\/vc_column][vc_column width=\u00bb1\/3&#8243;][vc_empty_space][vc_column_text]<\/p>\n<h3>Gesti\u00f3n P\u00fablica<br \/>\ny Tributaci\u00f3n<\/h3>\n<p>[\/vc_column_text][vc_empty_space height=\u00bb15px\u00bb][vc_raw_html]JTNDaWZyYW1lJTIwc3JjJTNEJTIyaHR0cHMlM0ElMkYlMkZ3d3cuZmFjZWJvb2suY29tJTJGcGx1Z2lucyUyRnZpZGVvLnBocCUzRmhlaWdodCUzRDMxNCUyNmhyZWYlM0RodHRwcyUyNTNBJTI1MkYlMjUyRnd3dy5mYWNlYm9vay5jb20lMjUyRmluZm90YXhwZXJ1LnBybyUyNTJGdmlkZW9zJTI1MkYzMjA4MzYyMjkwMDg0MTclMjUyRiUyNnNob3dfdGV4dCUzRGZhbHNlJTI2d2lkdGglM0Q1NjAlMjIlMjB3aWR0aCUzRCUyMjU2MCUyMiUyMGhlaWdodCUzRCUyMjMxNCUyMiUyMHN0eWxlJTNEJTIyYm9yZGVyJTNBbm9uZSUzQm92ZXJmbG93JTNBaGlkZGVuJTIyJTIwc2Nyb2xsaW5nJTNEJTIybm8lMjIlMjBmcmFtZWJvcmRlciUzRCUyMjAlMjIlMjBhbGxvd2Z1bGxzY3JlZW4lM0QlMjJ0cnVlJTIyJTIwYWxsb3clM0QlMjJhdXRvcGxheSUzQiUyMGNsaXBib2FyZC13cml0ZSUzQiUyMGVuY3J5cHRlZC1tZWRpYSUzQiUyMHBpY3R1cmUtaW4tcGljdHVyZSUzQiUyMHdlYi1zaGFyZSUyMiUyMGFsbG93RnVsbFNjcmVlbiUzRCUyMnRydWUlMjIlM0UlM0MlMkZpZnJhbWUlM0U=[\/vc_raw_html][\/vc_column][vc_column width=\u00bb1\/3&#8243;][vc_empty_space][vc_column_text]<\/p>\n<h3>Resumen Legal<br \/>\nDel 29 al 31 de agosto de 2020<\/h3>\n<p>[\/vc_column_text][vc_empty_space height=\u00bb15px\u00bb][vc_raw_html]JTNDaWZyYW1lJTIwc3JjJTNEJTIyaHR0cHMlM0ElMkYlMkZ3d3cuZmFjZWJvb2suY29tJTJGcGx1Z2lucyUyRnZpZGVvLnBocCUzRmhlaWdodCUzRDMxNCUyNmhyZWYlM0RodHRwcyUyNTNBJTI1MkYlMjUyRnd3dy5mYWNlYm9vay5jb20lMjUyRmluZm90YXhwZXJ1LnBybyUyNTJGdmlkZW9zJTI1MkY3Njk2NDg1NzM4Mzc2NTUlMjUyRiUyNnNob3dfdGV4dCUzRGZhbHNlJTI2d2lkdGglM0Q1NjAlMjIlMjB3aWR0aCUzRCUyMjU2MCUyMiUyMGhlaWdodCUzRCUyMjMxNCUyMiUyMHN0eWxlJTNEJTIyYm9yZGVyJTNBbm9uZSUzQm92ZXJmbG93JTNBaGlkZGVuJTIyJTIwc2Nyb2xsaW5nJTNEJTIybm8lMjIlMjBmcmFtZWJvcmRlciUzRCUyMjAlMjIlMjBhbGxvd2Z1bGxzY3JlZW4lM0QlMjJ0cnVlJTIyJTIwYWxsb3clM0QlMjJhdXRvcGxheSUzQiUyMGNsaXBib2FyZC13cml0ZSUzQiUyMGVuY3J5cHRlZC1tZWRpYSUzQiUyMHBpY3R1cmUtaW4tcGljdHVyZSUzQiUyMHdlYi1zaGFyZSUyMiUyMGFsbG93RnVsbFNjcmVlbiUzRCUyMnRydWUlMjIlM0UlM0MlMkZpZnJhbWUlM0U=[\/vc_raw_html][\/vc_column][\/vc_row][vc_row css=\u00bb.vc_custom_1599863018004{padding-right: 30px !important;padding-left: 30px !important;background-color: #ffffff !important;}\u00bb][vc_column width=\u00bb1\/3&#8243;][vc_empty_space][vc_column_text][\/vc_column_text][vc_empty_space height=\u00bb15px\u00bb][vc_raw_html][\/vc_raw_html][\/vc_column][vc_column width=\u00bb1\/3&#8243;][vc_empty_space][vc_column_text][\/vc_column_text][vc_empty_space height=\u00bb15px\u00bb][vc_raw_html][\/vc_raw_html][\/vc_column][vc_column width=\u00bb1\/3&#8243;][vc_empty_space][vc_column_text][\/vc_column_text][vc_empty_space height=\u00bb15px\u00bb][vc_raw_html][\/vc_raw_html][\/vc_column][\/vc_row][vc_row css=\u00bb.vc_custom_1599863018004{padding-right: 30px !important;padding-left: 30px !important;background-color: #ffffff !important;}\u00bb][vc_column width=\u00bb1\/3&#8243;][vc_empty_space][vc_column_text][\/vc_column_text][vc_empty_space height=\u00bb15px\u00bb][vc_raw_html][\/vc_raw_html][\/vc_column][vc_column width=\u00bb1\/3&#8243;][vc_empty_space][vc_column_text][\/vc_column_text][vc_empty_space height=\u00bb15px\u00bb][vc_raw_html][\/vc_raw_html][\/vc_column][vc_column width=\u00bb1\/3&#8243;][vc_empty_space][vc_column_text][\/vc_column_text][vc_empty_space height=\u00bb15px\u00bb][vc_raw_html][\/vc_raw_html][\/vc_column][\/vc_row][vc_row css=\u00bb.vc_custom_1599863018004{padding-right: 30px !important;padding-left: 30px !important;background-color: #ffffff !important;}\u00bb][vc_column width=\u00bb1\/3&#8243;][vc_empty_space][vc_column_text][\/vc_column_text][vc_empty_space height=\u00bb15px\u00bb][vc_raw_html][\/vc_raw_html][\/vc_column][vc_column width=\u00bb1\/3&#8243;][vc_empty_space][vc_column_text][\/vc_column_text][vc_empty_space height=\u00bb15px\u00bb][vc_raw_html][\/vc_raw_html][\/vc_column][vc_column width=\u00bb1\/3&#8243;][vc_empty_space][vc_column_text][\/vc_column_text][vc_empty_space height=\u00bb15px\u00bb][vc_raw_html][\/vc_raw_html][\/vc_column][\/vc_row]<\/p>\n","protected":false},"excerpt":{"rendered":"<p>[vc_row content_aligment=\u00bbcenter\u00bb css_animation=\u00bbeltd-element-from-bottom\u00bb css=\u00bb.vc_custom_1598226141550{padding-top: 20px !important;padding-bottom: 80px !important;padding-left: 25px !important;background-color: #ffffff !important;}\u00bb][vc_column offset=\u00bbvc_col-lg-offset-0&#8243;][vc_empty_space][vc_column_text] Consulta de Videos [\/vc_column_text][vc_empty_space][\/vc_column][\/vc_row][vc_row css=\u00bb.vc_custom_1599862794245{padding-right: 30px !important;padding-left: 30px !important;}\u00bb][\/vc_row][vc_row css=\u00bb.vc_custom_1599863018004{padding-right: 30px !important;padding-left: 30px !important;background-color: #ffffff !important;}\u00bb][vc_column width=\u00bb1\/3&#8243;][vc_empty_space][vc_column_text] Devoluci\u00f3n aportes ONP [\/vc_column_text][vc_empty_space height=\u00bb15px\u00bb][vc_raw_html]JTNDaWZyYW1lJTIwc3JjJTNEJTIyaHR0cHMlM0ElMkYlMkZ3d3cuZmFjZWJvb2suY29tJTJGcGx1Z2lucyUyRnZpZGVvLnBocCUzRmhlaWdodCUzRDMxNCUyNmhyZWYlM0RodHRwcyUyNTNBJTI1MkYlMjUyRnd3dy5mYWNlYm9vay5jb20lMjUyRmluZm90YXhwZXJ1LnBybyUyNTJGdmlkZW9zJTI1MkY5MzcyNTI0MzAwODkwMzclMjUyRiUyNnNob3dfdGV4dCUzRGZhbHNlJTI2d2lkdGglM0Q1NjAlMjIlMjB3aWR0aCUzRCUyMjU2MCUyMiUyMGhlaWdodCUzRCUyMjMxNCUyMiUyMHN0eWxlJTNEJTIyYm9yZGVyJTNBbm9uZSUzQm92ZXJmbG93JTNBaGlkZGVuJTIyJTIwc2Nyb2xsaW5nJTNEJTIybm8lMjIlMjBmcmFtZWJvcmRlciUzRCUyMjAlMjIlMjBhbGxvd2Z1bGxzY3JlZW4lM0QlMjJ0cnVlJTIyJTIwYWxsb3clM0QlMjJhdXRvcGxheSUzQiUyMGNsaXBib2FyZC13cml0ZSUzQiUyMGVuY3J5cHRlZC1tZWRpYSUzQiUyMHBpY3R1cmUtaW4tcGljdHVyZSUzQiUyMHdlYi1zaGFyZSUyMiUyMGFsbG93RnVsbFNjcmVlbiUzRCUyMnRydWUlMjIlM0UlM0MlMkZpZnJhbWUlM0U=[\/vc_raw_html][\/vc_column][vc_column width=\u00bb1\/3&#8243;][vc_empty_space][vc_column_text] Gesti\u00f3n P\u00fablica y Tributaci\u00f3n [\/vc_column_text][vc_empty_space height=\u00bb15px\u00bb][vc_raw_html]JTNDaWZyYW1lJTIwc3JjJTNEJTIyaHR0cHMlM0ElMkYlMkZ3d3cuZmFjZWJvb2suY29tJTJGcGx1Z2lucyUyRnZpZGVvLnBocCUzRmhlaWdodCUzRDMxNCUyNmhyZWYlM0RodHRwcyUyNTNBJTI1MkYlMjUyRnd3dy5mYWNlYm9vay5jb20lMjUyRmluZm90YXhwZXJ1LnBybyUyNTJGdmlkZW9zJTI1MkYzMjA4MzYyMjkwMDg0MTclMjUyRiUyNnNob3dfdGV4dCUzRGZhbHNlJTI2d2lkdGglM0Q1NjAlMjIlMjB3aWR0aCUzRCUyMjU2MCUyMiUyMGhlaWdodCUzRCUyMjMxNCUyMiUyMHN0eWxlJTNEJTIyYm9yZGVyJTNBbm9uZSUzQm92ZXJmbG93JTNBaGlkZGVuJTIyJTIwc2Nyb2xsaW5nJTNEJTIybm8lMjIlMjBmcmFtZWJvcmRlciUzRCUyMjAlMjIlMjBhbGxvd2Z1bGxzY3JlZW4lM0QlMjJ0cnVlJTIyJTIwYWxsb3clM0QlMjJhdXRvcGxheSUzQiUyMGNsaXBib2FyZC13cml0ZSUzQiUyMGVuY3J5cHRlZC1tZWRpYSUzQiUyMHBpY3R1cmUtaW4tcGljdHVyZSUzQiUyMHdlYi1zaGFyZSUyMiUyMGFsbG93RnVsbFNjcmVlbiUzRCUyMnRydWUlMjIlM0UlM0MlMkZpZnJhbWUlM0U=[\/vc_raw_html][\/vc_column][vc_column width=\u00bb1\/3&#8243;][vc_empty_space][vc_column_text] Resumen Legal&#8230;<\/p>\n","protected":false},"author":1,"featured_media":0,"parent":0,"menu_order":0,"comment_status":"closed","ping_status":"closed","template":"full-width.php","meta":{"footnotes":""},"class_list":["post-2762","page","type-page","status-publish","hentry"],"_links":{"self":[{"href":"https:\/\/infotaxperu.pro\/index.php?rest_route=\/wp\/v2\/pages\/2762","targetHints":{"allow":["GET"]}}],"collection":[{"href":"https:\/\/infotaxperu.pro\/index.php?rest_route=\/wp\/v2\/pages"}],"about":[{"href":"https:\/\/infotaxperu.pro\/index.php?rest_route=\/wp\/v2\/types\/page"}],"author":[{"embeddable":true,"href":"https:\/\/infotaxperu.pro\/index.php?rest_route=\/wp\/v2\/users\/1"}],"replies":[{"embeddable":true,"href":"https:\/\/infotaxperu.pro\/index.php?rest_route=%2Fwp%2Fv2%2Fcomments&post=2762"}],"version-history":[{"count":23,"href":"https:\/\/infotaxperu.pro\/index.php?rest_route=\/wp\/v2\/pages\/2762\/revisions"}],"predecessor-version":[{"id":3191,"href":"https:\/\/infotaxperu.pro\/index.php?rest_route=\/wp\/v2\/pages\/2762\/revisions\/3191"}],"wp:attachment":[{"href":"https:\/\/infotaxperu.pro\/index.php?rest_route=%2Fwp%2Fv2%2Fmedia&parent=2762"}],"curies":[{"name":"wp","href":"https:\/\/api.w.org\/{rel}","templated":true}]}}