{"id":2730,"date":"2020-08-22T02:18:39","date_gmt":"2020-08-22T02:18:39","guid":{"rendered":"http:\/\/perudigitalweb.com\/demos\/estudiocalderon\/?page_id=2730"},"modified":"2020-12-03T20:47:53","modified_gmt":"2020-12-03T20:47:53","slug":"infotax-peru","status":"publish","type":"page","link":"https:\/\/infotaxperu.pro\/?page_id=2730","title":{"rendered":"Infotax Per\u00fa"},"content":{"rendered":"<p>[vc_row content_aligment=\u00bbcenter\u00bb css_animation=\u00bbeltd-element-from-bottom\u00bb css=\u00bb.vc_custom_1598675122767{padding-top: 30px !important;padding-right: 25px !important;padding-bottom: 80px !important;padding-left: 25px !important;background-color: #30557f !important;}\u00bb][vc_column width=\u00bb2\/3&#8243; offset=\u00bbvc_col-lg-offset-0&#8243; css=\u00bb.vc_custom_1598651644253{padding-right: 30px !important;}\u00bb][vc_column_text]<\/p>\n<p style=\"text-align: justify; font-weight: 500; color: #ffffff;\">El principal producto de <strong>Calder\u00f3n y Asociados<\/strong> es <strong>Infotax Per\u00fa<\/strong>, que consiste en un sistema de absoluci\u00f3n de consultas en materias tributarias, laborales, contables y financieras v\u00eda telef\u00f3nica, en l\u00ednea, as\u00ed como a trav\u00e9s de las principales redes sociales, previo pago de una membres\u00eda.<\/p>\n<p>&nbsp;<\/p>\n<p style=\"text-align: justify; font-weight: 500; color: #ffffff;\"><strong>Infotax Per\u00fa<\/strong> es un c\u00edrculo exclusivo y limitado de clientes a quienes se atiende de manera personalizada y eficaz.<\/p>\n<p>&nbsp;<\/p>\n<p style=\"text-align: justify; font-weight: 500; color: #ffffff;\">El sistema esta dise\u00f1ado para que el afiliado dirija su pregunta por tema, lo que permite una respuesta precisa. Luego, su consulta ingresa a un sofisticado banco de datos, que las ir\u00e1 ordenando para que sean le\u00eddas por todos los clientes, ahorr\u00e1ndoles el efectuar llamadas y\/o investigaciones innecesarias , puesto que su caso ya fue absuelto.<\/p>\n<p>[\/vc_column_text][\/vc_column][vc_column width=\u00bb1\/3&#8243;][vc_column_text]<\/p>\n<h3 style=\"color: #ffffff;\">Zona de Clientes<\/h3>\n<p>[\/vc_column_text][vc_empty_space][vc_row_inner][vc_column_inner width=\u00bb1\/2&#8243;]<a href=\"https:\/\/www.infotaxperu.pro\/servicios\/boletin\/\" target=\"_blank\" style=\"color: #ffffff;background-color: #820f36;border-color: #820f36\" class=\"eltd-btn eltd-btn-medium eltd-btn-solid eltd-btn-custom-hover-bg eltd-btn-custom-border-hover eltd-btn-custom-hover-color botonderecho eltd-btn-rotate eltd-btn-arrow-center\" data-hover-bg-color=\"#dd3333\" data-hover-color=\"#820f36\" data-hover-border-color=\"#dd3333\" >\r\n    <span class=\"eltd-btn-text\">Bolet\u00edn Electr\u00f3nico<\/span>\r\n    <\/a>[\/vc_column_inner][vc_column_inner width=\u00bb1\/2&#8243;]<a href=\"https:\/\/www.infotaxperu.pro\/servicios\/servicio\/\" target=\"_blank\" style=\"color: #ffffff;background-color: #820f36;border-color: #820f36\" class=\"eltd-btn eltd-btn-medium eltd-btn-solid eltd-btn-custom-hover-bg eltd-btn-custom-border-hover eltd-btn-custom-hover-color botonizquierdo eltd-btn-rotate eltd-btn-arrow-center\" data-hover-bg-color=\"#dd3333\" data-hover-color=\"#820f36\" data-hover-border-color=\"#dd3333\" >\r\n    <span class=\"eltd-btn-text\">Servicio de Consultas<\/span>\r\n    <\/a>[\/vc_column_inner][\/vc_row_inner][vc_empty_space height=\u00bb50px\u00bb][\/vc_column][vc_column][vc_column_text]<\/p>\n<p style=\"text-align: justify; font-weight: 500; color: #ffffff; padding-top: 30px;\">Algunas consultas por su trascendencia, no pueden ser le\u00eddas por todos los afiliados, quienes escogen si las mismas ingresan al \u00edcono privado o p\u00fablico.<\/p>\n<p>&nbsp;<\/p>\n<p style=\"text-align: justify; font-weight: 500; color: #ffffff;\">Sin embargo, <strong>Infotax Per\u00fa<\/strong> se reserva el derecho de ingresar algunas consultas al banco de datos, sin especificar su procedencia.<\/p>\n<p style=\"text-align: left; font-weight: 500; color: #ffffff;\"><strong>\u00a0<\/strong><\/p>\n<p style=\"text-align: justify; font-weight: 500; color: #ffffff;\">La consultor\u00eda es dirigida personalmente por la <em>Dra. Lourdes Calder\u00f3n Aguilar<\/em>, fundadora y creadora del sistema, reconocida abogada tributarista con m\u00e1s de 15 a\u00f1os de experiencia en asesor\u00eda tributaria y empresarial. Ha formado consultores tributarios y legales a trav\u00e9s de la docencia y la pr\u00e1ctica profesional, quienes ahora se desempe\u00f1an en importantes cargos. Ello, garantiza la eficiencia de un servicio esmerado con un riguroso est\u00e1ndar de atenci\u00f3n empresarial.<\/p>\n<p>[\/vc_column_text][\/vc_column][\/vc_row][vc_row css=\u00bb.vc_custom_1598651715523{background-color: #30557f !important;}\u00bb][vc_column]<div class=\"eltd-separator-holder clearfix  eltd-separator-center eltd-separator-full-width\" >\r\n\t<div class=\"eltd-separator\" style=\"border-color: #ffffff;border-style: solid;border-bottom-width: 1px\"><\/div>\r\n<\/div>\r\n[vc_column_text]<\/p>\n<div class=\"form row\" style=\"padding-left: 40px; padding-bottom: 95px;\">\n<div class=\"column-full\" style=\"color: #ffffff;\">\n<p><strong style=\"color: #ffffff;\">Infotax Per\u00fa<\/strong>, se compromete a brindar los siguientes servicios:<\/p>\n<ul style=\"padding-left: 25px; color: #ffffff; font-size: 1.1em;\">\n<li>Consultor\u00eda telef\u00f3nica ilimitada v\u00eda telef\u00f3nica e Internet en las \u00e1reas tributaria, contable, financiera y laboral seg\u00fan afiliaci\u00f3n.<\/li>\n<li>Acceso a la p\u00e1gina web: <a style=\"color: #ffffff; font-weight: bold; text-decoration: underline;\" href=\"www.infotaxperu.pro\" target=\"_black\" rel=\"noopener noreferrer\">www.infotaxperu.pro<\/a><\/li>\n<li>Remisi\u00f3n diaria de informaci\u00f3n tributaria, contable, laboral y financiera.<\/li>\n<li>Remisi\u00f3n en formato PDF de las principales normas del d\u00eda.<\/li>\n<\/ul>\n<\/div>\n<\/div>\n<p>[\/vc_column_text][vc_empty_space height=\u00bb65px\u00bb][\/vc_column][\/vc_row]<\/p>\n","protected":false},"excerpt":{"rendered":"<p>[vc_row content_aligment=\u00bbcenter\u00bb css_animation=\u00bbeltd-element-from-bottom\u00bb css=\u00bb.vc_custom_1598675122767{padding-top: 30px !important;padding-right: 25px !important;padding-bottom: 80px !important;padding-left: 25px !important;background-color: #30557f !important;}\u00bb][vc_column width=\u00bb2\/3&#8243; offset=\u00bbvc_col-lg-offset-0&#8243; css=\u00bb.vc_custom_1598651644253{padding-right: 30px !important;}\u00bb][vc_column_text] El principal producto de Calder\u00f3n y Asociados es Infotax Per\u00fa, que consiste en un sistema de absoluci\u00f3n de consultas en materias tributarias, laborales, contables y financieras&#8230;<\/p>\n","protected":false},"author":1,"featured_media":0,"parent":0,"menu_order":0,"comment_status":"closed","ping_status":"closed","template":"","meta":{"footnotes":""},"class_list":["post-2730","page","type-page","status-publish","hentry"],"_links":{"self":[{"href":"https:\/\/infotaxperu.pro\/index.php?rest_route=\/wp\/v2\/pages\/2730","targetHints":{"allow":["GET"]}}],"collection":[{"href":"https:\/\/infotaxperu.pro\/index.php?rest_route=\/wp\/v2\/pages"}],"about":[{"href":"https:\/\/infotaxperu.pro\/index.php?rest_route=\/wp\/v2\/types\/page"}],"author":[{"embeddable":true,"href":"https:\/\/infotaxperu.pro\/index.php?rest_route=\/wp\/v2\/users\/1"}],"replies":[{"embeddable":true,"href":"https:\/\/infotaxperu.pro\/index.php?rest_route=%2Fwp%2Fv2%2Fcomments&post=2730"}],"version-history":[{"count":77,"href":"https:\/\/infotaxperu.pro\/index.php?rest_route=\/wp\/v2\/pages\/2730\/revisions"}],"predecessor-version":[{"id":3105,"href":"https:\/\/infotaxperu.pro\/index.php?rest_route=\/wp\/v2\/pages\/2730\/revisions\/3105"}],"wp:attachment":[{"href":"https:\/\/infotaxperu.pro\/index.php?rest_route=%2Fwp%2Fv2%2Fmedia&parent=2730"}],"curies":[{"name":"wp","href":"https:\/\/api.w.org\/{rel}","templated":true}]}}