{"id":2053,"date":"2015-12-25T09:18:52","date_gmt":"2015-12-25T09:18:52","guid":{"rendered":"http:\/\/kreate.elated-themes.com\/?page_id=2053"},"modified":"2020-12-18T19:20:00","modified_gmt":"2020-12-18T19:20:00","slug":"home-main","status":"publish","type":"page","link":"https:\/\/www.infotaxperu.pro\/","title":{"rendered":"Original Home"},"content":{"rendered":"<p>[vc_row content_width=\u00bbgrid\u00bb css=\u00bb.vc_custom_1608319198496{margin-top: 0px !important;margin-right: 0px !important;margin-left: 0px !important;padding-right: 0px !important;padding-left: 0px !important;}\u00bb][vc_column width=\u00bb1\/2&#8243; css=\u00bb.vc_custom_1606792983713{margin-right: 0px !important;margin-left: 0px !important;padding-right: 50px !important;padding-left: 70px !important;background-color: #395d85 !important;}\u00bb][vc_empty_space height=\u00bb60px\u00bb][vc_column_text]<\/p>\n<div style=\"width: 100%;\">\n<div class=\"columna1\">C&amp;A<\/div>\n<div class=\"columna2\">Calder\u00f3n y Asociados<br \/>\nTributaristas<\/div>\n<\/div>\n<p>[\/vc_column_text][vc_empty_space height=\u00bb100px\u00bb]<div class=\"eltd-separator-holder clearfix  eltd-separator-left\" style=\"margin-top: 30px;margin-bottom: 15px\">\r\n\t<div class=\"eltd-separator\" style=\"width: 95%;border-color: #ffffff;border-style: solid;border-bottom-width: 1px\"><\/div>\r\n<\/div>\r\n[vc_column_text]<\/p>\n<div class=\"textobanner\">Con 20 a\u00f1os de experiencia profesional en materia tributaria, laboral, contable y financiera, el Estudio Calder\u00f3n y Asociados integra las especialidades del Derecho, la Contabilidad, las Finanzas y la Econom\u00eda, para dar cabal e \u00edntegra respuesta a las necesidades de sus clientes a trav\u00e9s de sus diversos servicios.<\/div>\n<p>[\/vc_column_text][vc_empty_space height=\u00bb80px\u00bb][\/vc_column][vc_column width=\u00bb1\/2&#8243; css=\u00bb.vc_custom_1606793002882{margin-right: 0px !important;margin-left: 0px !important;padding-right: 50px !important;padding-left: 70px !important;background-color: #18406d !important;}\u00bb][vc_empty_space height=\u00bb60px\u00bb][vc_column_text]<\/p>\n<div style=\"width: 100%;\">\n<div class=\"columna3\">Infotax Per\u00fa<\/div>\n<\/div>\n<p>[\/vc_column_text][vc_empty_space height=\u00bb78px\u00bb]<div class=\"eltd-separator-holder clearfix  eltd-separator-left\" style=\"margin-top: 30px;margin-bottom: 15px\">\r\n\t<div class=\"eltd-separator\" style=\"width: 95%;border-color: #ffffff;border-style: solid;border-bottom-width: 1px\"><\/div>\r\n<\/div>\r\n[vc_column_text]<\/p>\n<div class=\"textobanner\">El principal producto del Calder\u00f3n y Asociados es Infotax Per\u00fa, el que, incursionando en el a\u00f1o 2003 como el primer sistema de absoluci\u00f3n de consultas en materias tributarias, laborales, contables y financieras, innov\u00f3 el mercado de consultor\u00eda empresarial, manteni\u00e9ndose por a\u00f1os como el m\u00e1s eficiente y confiable.<\/div>\n<p>[\/vc_column_text][vc_empty_space height=\u00bb80px\u00bb][\/vc_column][\/vc_row][vc_row][vc_column][vc_raw_html]JTNDc3R5bGUlM0UlMEElNDBtZWRpYSUyMG9ubHklMjBzY3JlZW4lMjBhbmQlMjAlMjhtYXgtd2lkdGglM0ElMjA3NjhweCUyOSUyMCU3QiUwQS5lbHRkLXRpdGxlJTdCaGVpZ2h0JTNBMnB4JTIwJTIxaW1wb3J0YW50JTNCJTdEJTBBJTdEJTBBJTNDJTJGc3R5bGUlM0U=[\/vc_raw_html][\/vc_column][\/vc_row]<\/p>\n","protected":false},"excerpt":{"rendered":"<p>[vc_row content_width=\u00bbgrid\u00bb css=\u00bb.vc_custom_1608319198496{margin-top: 0px !important;margin-right: 0px !important;margin-left: 0px !important;padding-right: 0px !important;padding-left: 0px !important;}\u00bb][vc_column width=\u00bb1\/2&#8243; css=\u00bb.vc_custom_1606792983713{margin-right: 0px !important;margin-left: 0px !important;padding-right: 50px !important;padding-left: 70px !important;background-color: #395d85 !important;}\u00bb][vc_empty_space height=\u00bb60px\u00bb][vc_column_text] C&amp;A Calder\u00f3n y Asociados Tributaristas [\/vc_column_text][vc_empty_space height=\u00bb100px\u00bb][vc_column_text] Con 20 a\u00f1os de experiencia profesional en materia tributaria, laboral, contable y&#8230;<\/p>\n","protected":false},"author":1,"featured_media":0,"parent":0,"menu_order":0,"comment_status":"closed","ping_status":"closed","template":"","meta":{"footnotes":""},"class_list":["post-2053","page","type-page","status-publish","hentry"],"_links":{"self":[{"href":"https:\/\/infotaxperu.pro\/index.php?rest_route=\/wp\/v2\/pages\/2053","targetHints":{"allow":["GET"]}}],"collection":[{"href":"https:\/\/infotaxperu.pro\/index.php?rest_route=\/wp\/v2\/pages"}],"about":[{"href":"https:\/\/infotaxperu.pro\/index.php?rest_route=\/wp\/v2\/types\/page"}],"author":[{"embeddable":true,"href":"https:\/\/infotaxperu.pro\/index.php?rest_route=\/wp\/v2\/users\/1"}],"replies":[{"embeddable":true,"href":"https:\/\/infotaxperu.pro\/index.php?rest_route=%2Fwp%2Fv2%2Fcomments&post=2053"}],"version-history":[{"count":40,"href":"https:\/\/infotaxperu.pro\/index.php?rest_route=\/wp\/v2\/pages\/2053\/revisions"}],"predecessor-version":[{"id":3171,"href":"https:\/\/infotaxperu.pro\/index.php?rest_route=\/wp\/v2\/pages\/2053\/revisions\/3171"}],"wp:attachment":[{"href":"https:\/\/infotaxperu.pro\/index.php?rest_route=%2Fwp%2Fv2%2Fmedia&parent=2053"}],"curies":[{"name":"wp","href":"https:\/\/api.w.org\/{rel}","templated":true}]}}